e the first derivative of 2*s**2 + 1. List the prime factors of t(b).
2
Let b = 55 - 26. What are the prime factors of b?
29
Suppose -5*l = 3*p - 2*l - 51, 0 = -3*p + l + 51. Let j = -12 + p. List the prime factors of j.
5
Suppose -3*y - 78 = -2*x, -28 + 210 = 5*x - y. Suppose 42 = 2*d - 4*m, -5*m - 25 = -3*d + x. What are the prime factors of d?
17
Let p(c) = c**2 - 10*c + 1. Let f be p(9). Let u = f + 13. Suppose -4*g = -15 - u. List the prime factors of g.
5
Suppose 1 = 3*l - 2*l. Let p be (-2)/(l + 0 + -2). Suppose 2*t = t - x + 1, -3*x - 1 = p*t. What are the prime factors of t?
2
Let u(c) = c**3 - 3*c**2 + 1. Let b be u(1). Let r = -7 + b. List the prime factors of (-30)/r + 1/4.
2
Let h(v) = -v**2 - 14*v + 18. List the prime factors of h(-15).
3
Suppose h - 3 - 41 = 0. Let f = -23 + h. What are the prime factors of f?
3, 7
Let n = 126 - 22. Suppose 10 = -5*t, -2*t - 7 + 1 = -2*d. List the prime factors of n/6 + d/(-3).
17
Suppose t - 90 - 17 = 0. List the prime factors of t.
107
Let p be -5 + (-1)/(-1) + 0. Let v = p - -5. Let z = v - -1. List the prime factors of z.
2
Let w be (-4*7/84)/(1/(-63)). Suppose 0 = 2*v - 0*v + 22. Let s = v + w. List the prime factors of s.
2, 5
Let d be (-3 - (-104)/(-3))*-3. Suppose 11 = h - 5*j, 6*h = 3*h - 5*j + d. List the prime factors of h.
31
Let z(k) = -k**3 + 22*k**2 + 23*k + 8. List the prime factors of z(23).
2
Let c(l) = 39*l**2 - 4*l - 7. Let z(m) = 13*m**2 - m - 2. Let n(o) = -2*c(o) + 7*z(o). What are the prime factors of n(1)?
2, 7
Suppose 5*h = -2*o + 59, 2*h + 69 - 3 = 2*o. What are the prime factors of o?
2
Suppose 4*g - 96 = 2*h, -3*g = -8*g - h + 120. What are the prime factors of g?
2, 3
Let j(p) be the third derivative of -1/24*p**4 + 5/3*p**3 + 0*p - 3*p**2 + 0. List the prime factors of j(8).
2
What are the prime factors of 180/8 + 2/(-4)?
2, 11
Suppose 2*b = 5*q - 3, 4*b - 8 + 29 = -5*q. Let o = -5 - b. List the prime factors of (-15)/6*(o - 1).
5
Let w(o) = o + 7. Let f = -2 - 4. Let q be w(f). Suppose h - 8 = q. List the prime factors of h.
3
Let c be (3 - 2)*(14 - 0). Suppose c = -3*p - 52. Let a = -10 - p. What are the prime factors of a?
2, 3
Let z be ((-12)/36)/((-2)/(-6)). Let o(p) = 5*p + 2. Let g(d) = 6*d + 1. Let c(r) = -3*g(r) + 2*o(r). List the prime factors of c(z).
3
Let b = -7 + 10. Let m = b - -6. Let q = 15 - m. List the prime factors of q.
2, 3
Let q = 8 + -49. Let c = q + 82. List the prime factors of c.
41
Let x(l) = 7*l**2 - 5*l**2 - l**2. List the prime factors of x(5).
5
Suppose 6 = 2*k - 2. What are the prime factors of k?
2
Suppose 0 = -0*o + 2*o. Suppose 3*t - 37 = 26. Suppose k - 4*k + t = o. What are the prime factors of k?
7
What are the prime factors of (-4)/(-14) - (-3558)/42?
5, 17
Suppose -3*a = 5*y + 4, 4*a - 3*a = -3*y. Let b = y + -10. What are the prime factors of 62/6 - (-3)/b?
2, 5
Let u = 11 - 9. Let m be (1*u)/(10/15). Suppose 4*w = -m*v + 34, -9 = -2*w + 3*v - 1. What are the prime factors of w?
7
Let i(b) = -b**2 + 8*b + 8. Let z be i(9). Let h be (1 - 4/(-2)) + z. What are the prime factors of 1/h + 15/2?
2
Suppose 6*q - 6 = 4*q. Let c = q + 2. What are the prime factors of c?
5
Suppose -37 = 2*q + b, 8*b = 5*b + 9. Let i be (-12)/q + 757/5. List the prime factors of i/10 - 3/15.
3, 5
Let x(y) = 7*y + 1. Let a be x(8). Let v = 102 - a. What are the prime factors of v?
3, 5
Let r = -234 + 357. What are the prime factors of r?
3, 41
Let n(p) = -p + 4. What are the prime factors of n(-13)?
17
Suppose -108 = -4*t - 5*u, 5*t = t - 4*u + 104. Suppose 0 = -g + t + 2. List the prime factors of g.
2, 3
Let j(u) = 2*u - 1. Let r = 14 - 10. Suppose 5*i - 26 - r = 0. List the prime factors of j(i).
11
Suppose 0 = 4*b + 3*o + 17, -2*b - 18 = b - 3*o. Let g = b + 12. List the prime factors of g.
7
Suppose -v + 80 = -0*v. List the prime factors of v.
2, 5
Suppose 5*i - 3*m = 5, i + 0*i + 4*m - 24 = 0. What are the prime factors of i/22 - 436/(-22)?
2, 5
Let d = -470 - -705. What are the prime factors of d?
5, 47
Let k be (-2)/(-7) + (-150)/(-14). Let s = k + 1. What are the prime factors of s?
2, 3
Let u = 219 - 95. List the prime factors of u.
2, 31
Let v = 2 + -2. Suppose v = 2*z + 8, -45 = -0*g - 5*g - 5*z. What are the prime factors of g?
13
Suppose 33*s - 36*s = -108. List the prime factors of s.
2, 3
Let a = 0 - 1. Let y = a - -4. List the prime factors of (y*1)/((-8)/(-8)).
3
Suppose -2*v + 4 = -6. Suppose 2*r = v*r - 15. Suppose r*z - 65 = -5*b, 4*b = 4*z + 3*b - 47. What are the prime factors of z?
2, 3
Let s be -26 + (3/1 - 2). Let x be (-30)/s*20/3. Let b = 14 - x. List the prime factors of b.
2, 3
Let m be (0 - 1)/(2/6). Let s = m - -4. Suppose -2*x + 24 = 4*j, -2*x = -s + 5. What are the prime factors of j?
7
Let x(p) = 2*p**2 + 5*p + 5. Let g be x(-5). Suppose 0 = 3*t - 57 - g. Suppose z + t = 3*s - 0*z, -5*s = 2*z - 63. List the prime factors of s.
11
Let g = 43 + -20. Let d = g - 15. Suppose 3*l = -3*p + 21, 3*l = l + p + d. What are the prime factors of l?
5
Suppose 0*l + 719 = 3*l - 5*q, 0 = 3*l + 3*q - 759. What are the prime factors of l?
2, 31
Let c(l) = l**3 - 3*l**2 + 3*l + 3. What are the prime factors of c(3)?
2, 3
Let p(l) = -l**2 + 10*l + 14. What are the prime factors of p(10)?
2, 7
Let p(q) = -q**2 - 6*q + 1. Let y(k) = k - 11. Let i be y(5). Let v be p(i). What are the prime factors of (2*v)/((-12)/(-90))?
3, 5
Let h be 1 + (-1)/(1/(-2)). Let t(k) = k**3 - 3*k**2 + 4*k - 4. List the prime factors of t(h).
2
Suppose 0 = -2*j - 0*m - m + 29, -j + 19 = 5*m. List the prime factors of j.
2, 7
Suppose 0 = 2*t - 25 + 9. Suppose -t = 3*c - 7*c. Suppose 24 = c*s + 8. List the prime factors of s.
2
List the prime factors of ((-2)/4)/(11/(-418)).
19
Let o(y) = y**3 + 5*y**2 - 6. Let g be o(-5). Let f = -2 - g. Suppose -f*k + 70 = k. List the prime factors of k.
2, 7
Let a be 6/39 + (-505)/(-13). Suppose -u + 7 = -a. What are the prime factors of u?
2, 23
Let a(j) = 13*j + 6. Let g be a(3). Suppose 2*s = -s + g. What are the prime factors of s?
3, 5
What are the prime factors of 1*29 - (8 - 11)?
2
Suppose 19*j - 44 = 17*j. What are the prime factors of j?
2, 11
Let y = -10 + 17. Let v = y - 2. Suppose -5*i = -v*z + 16 - 51, 3*i - 23 = 5*z. List the prime factors of i.
2, 3
Let s = -14 - -22. Let g = -5 + s. Suppose 0 = -6*k + g*k + 51. What are the prime factors of k?
17
Suppose -3*u = -0*u - 9. Suppose 0 = u*a - 4*a. What are the prime factors of (-1 - a)*-7 + 1?
2
Suppose -3*u - 28 = -2*u. Let k = -18 - u. What are the prime factors of k?
2, 5
What are the prime factors of -1 - -11*(-2 + 4)?
3, 7
Let h(s) = -28*s + 5. What are the prime factors of h(-2)?
61
Let p be ((-4)/5)/((-1)/(-5)). List the prime factors of p/18 + (-203)/(-63).
3
Let d = -19 + 20. What are the prime factors of d - (2 - -40)/(-3)?
3, 5
List the prime factors of (-5)/(15/(-642)) - -5.
3, 73
Suppose -2*y + 4 = -5*p, -4 = -y - 4*p - 2. Let j be y/(-6)*(-9 + 3). Suppose -4*w + 6 = -j. List the prime factors of w.
2
Let d be 10/(-14) + (-4)/14. Let c be -2 - -2 - -1 - d. What are the prime factors of (6 - 3)*(c + -1)?
3
Suppose -61 = -6*y + 47. List the prime factors of 34/2 - y/(-9).
19
Suppose -2*z = -0*z - 6. Suppose z*k = k + 20. What are the prime factors of 24/k*(5 - 0)?
2, 3
Suppose 0 = -5*o - 5*h + 15, h + 2 = 2*o - h. Let d = o + 25. List the prime factors of d.
3
Suppose -3*d + 3*l = 2*l - 5, -2*d + 3*l + 8 = 0. Suppose 0 = -2*s - 5 + d. What are the prime factors of (-3)/s*(2 - 0)?
3
Let b be 0*(0 + (-1 - 0)). Let o = b - -3. Let v = 5 - o. What are the prime factors of v?
2
Suppose -d + 5*d - 96 = 0. List the prime factors of d.
2, 3
Let n be (-1 - 5/(-2))*2. Let u = n + 25. Suppose 9*k - r - u = 4*k, -4*k - r = -17. List the prime factors of k.
5
Let u = -20 - -27. Let z(o) = 4*o - 13. List the prime factors of z(u).
3, 5
Suppose -2*w - 40 = 3*w. List the prime factors of ((-38)/w)/(4/16).
19
Let p(t) = t**3 - 2*t**2 - 5*t + 111. What are the prime factors of p(0)?
3, 37
Let t(o) be the first derivative of -o**6/360 - o**5/30 - o**3/3 - 4. Let v(i) be the third derivative of t(i). What are the prime factors of v(-3)?
3
Let m = -48 + 87. List the prime factors of m.
3, 13
Suppose -324 = -5*x + 61. List the prime factors of x.
7, 11
Let v = -148 + 315